7 a prime number?
False
Is 146906327 a composite number?
False
Is 199464359 a composite number?
False
Is 23369699 a prime number?
True
Is 79956727 composite?
False
Is 153358691 a prime number?
True
Is 3924593 composite?
False
Is 89480681 a composite number?
False
Is 5788327 prime?
True
Is 183104167 a composite number?
True
Is 60829283 a prime number?
False
Is 69226021 prime?
False
Is 5539186 prime?
False
Is 222574805 a prime number?
False
Is 577721 composite?
False
Is 1718357 a composite number?
False
Is 365087435 prime?
False
Is 777899191 composite?
True
Is 8092361 composite?
False
Is 151585585 prime?
False
Is 618619 a prime number?
True
Is 12468227 composite?
False
Is 300891361 composite?
False
Is 76754 composite?
True
Is 115059523 prime?
True
Is 69287011 a prime number?
True
Is 1943785 a prime number?
False
Is 5784839 a composite number?
True
Is 648651007 a composite number?
False
Is 173263 prime?
True
Is 2144729 a prime number?
True
Is 1097344303 prime?
False
Is 11176879 prime?
False
Is 17057489 a composite number?
False
Is 216823 a prime number?
False
Is 546461 prime?
True
Is 5299753 a composite number?
False
Is 342431 composite?
True
Is 41693599 a composite number?
True
Is 14118311 prime?
False
Is 4710991 composite?
True
Is 11606233 prime?
True
Is 11804021 composite?
False
Is 81761 prime?
True
Is 15156793 composite?
True
Is 19850699 a prime number?
False
Is 1343441 prime?
False
Is 320638933 prime?
False
Is 4270571 composite?
True
Is 4226219 a composite number?
False
Is 3518903 a composite number?
True
Is 11992111 prime?
True
Is 2395009 a prime number?
True
Is 7375273 composite?
False
Is 15050323 a composite number?
False
Is 56939711 composite?
False
Is 49165849 a composite number?
True
Is 73575785 prime?
False
Is 379099841 a composite number?
False
Is 4637027 a prime number?
True
Is 2922547 a prime number?
True
Is 21939361 a composite number?
False
Is 178180153 prime?
True
Is 11788477 composite?
False
Is 3242417 composite?
False
Is 1118941 composite?
False
Is 180307187 a prime number?
True
Is 96689321 composite?
True
Is 414711031 a prime number?
False
Is 258303755 a prime number?
False
Is 2427587 prime?
True
Is 733237 a composite number?
False
Is 5673371 a prime number?
False
Is 65223539 a prime number?
True
Is 12304801 prime?
False
Is 6252557 a composite number?
False
Is 397541 composite?
False
Is 1019149 prime?
False
Is 1806977 composite?
False
Is 972623 composite?
False
Is 306942421 prime?
True
Is 84122459 a composite number?
True
Is 6862033 a composite number?
True
Is 831531598 a prime number?
False
Is 185377867 a composite number?
False
Is 2046741209 a composite number?
False
Is 137699 composite?
False
Is 7860669 composite?
True
Is 624191 a composite number?
False
Is 144397387 composite?
True
Is 170415169 a prime number?
True
Is 8488609 composite?
False
Is 29544179 composite?
True
Is 4132237 prime?
False
Is 7830701 a prime number?
True
Is 12007999 a prime number?
True
Is 7668253 a prime number?
False
Is 7957171 composite?
True
Is 739705951 composite?
True
Is 13851401 a composite number?
False
Is 136296791 composite?
True
Is 118712303 a prime number?
True
Is 48133823 composite?
True
Is 236091797 a prime number?
True
Is 4947487 prime?
False
Is 783869 prime?
True
Is 35992399 a composite number?
False
Is 3216007 a composite number?
False
Is 67149227 a prime number?
False
Is 672590146 prime?
False
Is 3273131 composite?
True
Is 8495759 prime?
False
Is 41045507 composite?
True
Is 3283681 a composite number?
False
Is 641432621 prime?
True
Is 37750301 a prime number?
True
Is 276160565 composite?
True
Is 3979127 prime?
True
Is 28480862 prime?
False
Is 10727669 a composite number?
True
Is 644647 a prime number?
True
Is 1176294883 a composite number?
True
Is 418029 a prime number?
False
Is 1160933 prime?
False
Is 9421231 prime?
False
Is 11630973 prime?
False
Is 12467369 a composite number?
True
Is 25393 a prime number?
False
Is 3284137 a composite number?
False
Is 371087149 composite?
False
Is 3908629 prime?
True
Is 49100585 a composite number?
True
Is 756922429 a prime number?
False
Is 9216373 composite?
False
Is 6106601 composite?
True
Is 57472315 prime?
False
Is 862507 a composite number?
True
Is 13594769 prime?
False
Is 273291091 a composite number?
True
Is 177683593 a prime number?
True
Is 40092785 prime?
False
Is 5392433 prime?
True
Is 48060031 composite?
False
Is 25599019 composite?
False
Is 9803369 a prime number?
True
Is 2328421 a composite number?
False
Is 50721997 prime?
True
Is 3144305 composite?
True
Is 663625231 prime?
True
Is 213616549 composite?
True
Is 17104007 a composite number?
False
Is 34927 prime?
False
Is 55526563 a prime number?
False
Is 399434131 composite?
True
Is 177200297 composite?
False
Is 15859 composite?
False
Is 354082373 a prime number?
False
Is 24276457 composite?
False
Is 7175638 prime?
False
Is 28761 a prime number?
False
Is 5248421 a composite number?
False
Is 54557431 a composite number?
True
Is 14850919 a composite number?
True
Is 4343869 composite?
False
Is 66409321 composite?
True
Is 10575299 prime?
False
Is 246227 a prime number?
False
Is 1023137 prime?
False
Is 19420157 prime?
False
Is 54217 a composite number?
False
Is 44931643 a composite number?
True
Is 287267467 prime?
True
Is 15479747 a prime number?
False
Is 1796441 a composite number?
True
Is 14468401 a prime number?
True
Is 294208417 a prime number?
True
Is 183310921 prime?
True
Is 82091319 a prime number?
False
Is 13343531 prime?
True
Is 188113265 composite?
True
Is 7263161 a composite number?
False
Is 17322911 a composite number?
False
Is 21322391 composite?
False
Is 25209809 a prime number?
True
Is 8469857 composite?
True
Is 77866777 prime?
True
Is 7100629 composite?
True
Is 13445759 prime?
False
Is 18974869 composite?
True
Is 141611159 a composite number?
True
Is 725482 a prime number?
False
Is 6739009 prime?
True
Is 53344307 composite?
False
Is 84751973 a composite number?
False
Is 135362573 prime?
False
Is 6127019 a prime number?
True
Is 1494487 composite?
True
Is 8693661 prime?
False
Is 31860215 a composite number?
True
Is 1431217 a prime number?
True
Is 162578861 composite?
False
Is 3488119 prime?
True
Is 105029 a prime number?
False
Is 893989 prime?
True
Is 16506577 a prime number?
False
Is 3438251 a composite number?
True
Is 5166563 prime?
True
Is 59880757 a composite number?
False
Is 874591 composite?
True
Is 133448411 a prime number?
True
Is 3641279 composite?
True
Is 12286319 a prime number?
False
Is 65942453 composite?
False
Is 116713343 composite?
False
Is 130122959 a prime number?
True
Is 7461559 composite?
True
Is 4186253 prime?
False
Is 843943 a composite number?
True
Is 742547489 a prime number?
False
Is 111657919 prime?
False
Is 2402977 a composite number?
True
Is 6140903 composite?
False
Is 116248453 a prime number?
True
Is 14732341 composite?
True
Is 636301 prime?
True
Is 4781911 a prime number?
True
Is 121293371 composite?
False
Is 6845485 a prime number?
False
Is 13017629 composite?
False
Is 46098163 composite?
False
Is 11986373 prime?
False
Is 226911221 a composite number?
False
Is 47712103 a composite number?
True
Is 68399 composite?
False
Is 18070667 prime?
True
Is 4924963 a prime number?
False
Is 14370614 prime?
False
Is 180974921 a prime number?
True
Is 6281915 a prime number?
False
Is 1258678 prime?
False
Is 88142111 prime?
True
Is 15401137 a composite number?
False
Is 136625327 prime?
True
Is 12810521 prime?
True
Is 12510713 composite?
False
Is 11616974 prime?
False
Is 14827495 a composite number?
True
Is 251279101 a prime number?
True
Is 227057213 a prime number?
True
Is 499413419 a composite number?
False
Is 17929123 composite?
False
Is 120983851 prime?
True
Is 281095149 a composite number?
True
Is 1134659 a composite number?
True
Is 13418089 a prime number?
True
Is 23942859 a prime number?
False
Is 668794199 a composite number?
True
Is 14632687 prime?
True
Is 90293989 composite?
True
Is 27408439 prime?
True
Is 51803597 a composite number?
False
Is 736661573 a composite number?
False
Is 34109093 a prime number?
True
Is 3742903 prime?
False
Is 881642915 composite?
True
Is 2929387 prime?
False
Is 3617767 composite?
False
Is 17625083 prime?
False
Is 48338101 a prime number?
False
Is 14054809 composite?
False
